
Is 4677420 a multiple of 16?
False
Is 19433 a multiple of 3?
False
Is 57 a factor of 32203?
False
Does 16 divide 5812512?
True
Does 19 divide 4143412?
False
Is 25830 a multiple of 15?
True
Does 119 divide 155780?
False
Is 241 a factor of 681441?
False
Is 2316792 a multiple of 24?
True
Is 5412584 a multiple of 2619?
False
Is 1368133 a multiple of 6?
False
Does 5 divide 5459371?
False
Is 3206573 a multiple of 102?
False
Is 52 a factor of 427596?
True
Does 14 divide 368140?
False
Is 27 a factor of 1068579?
True
Does 1928 divide 2240336?
True
Does 53 divide 27825?
True
Is 11 a factor of 1006165?
False
Is 50176 a multiple of 14?
True
Is 11 a factor of 8459788?
False
Is 9 a factor of 2768562?
True
Does 3 divide 52846?
False
Does 61 divide 688255?
False
Is 6872651 a multiple of 15?
False
Is 945200 a multiple of 85?
True
Is 2416103 a multiple of 80?
False
Is 33 a factor of 222321?
True
Is 601952 a multiple of 12?
False
Does 42 divide 3228293?
False
Is 1976135 a multiple of 137?
False
Is 439880 a multiple of 28?
True
Is 161 a factor of 315320?
False
Is 127467 a multiple of 11?
False
Is 196 a factor of 241472?
True
Does 2 divide 162245?
False
Is 22 a factor of 1333493?
False
Is 12894530 a multiple of 22?
True
Does 9 divide 667030?
False
Is 412 a factor of 1530992?
True
Does 32 divide 737872?
False
Is 232820 a multiple of 140?
True
Does 40 divide 3338419?
False
Does 9 divide 439965?
True
Does 3 divide 3870071?
False
Is 1237795 a multiple of 139?
True
Does 68 divide 13532?
True
Does 164 divide 12466132?
True
Does 484 divide 950010?
False
Is 1610614 a multiple of 127?
True
Is 633 a factor of 692502?
True
Is 683881 a multiple of 11?
True
Is 1070700 a multiple of 830?
True
Does 1191 divide 3481219?
False
Is 36555 a multiple of 9?
False
Is 228750 a multiple of 87?
False
Does 13 divide 817846?
False
Is 69 a factor of 1617498?
True
Is 18277731 a multiple of 179?
False
Is 1357132 a multiple of 357?
False
Is 675 a factor of 786375?
True
Does 49 divide 6146362?
False
Does 179 divide 3472063?
True
Does 64 divide 1085362?
False
Is 3027700 a multiple of 13?
True
Is 2249 even?
False
Is 118 a factor of 269512?
True
Is 79 a factor of 116999?
True
Is 4 a factor of 1131912?
True
Is 64711 a multiple of 215?
False
Is 104289 a multiple of 9?
False
Is 22 a factor of 121492?
False
Does 79 divide 274130?
True
Is 258244 a multiple of 92?
True
Is 11063695 a multiple of 61?
False
Is 52 a factor of 2430522?
False
Does 270 divide 14341320?
True
Is 6 a factor of 84394?
False
Is 174 a factor of 27583524?
True
Does 514 divide 16583?
False
Is 234852 a multiple of 382?
False
Is 169 a factor of 940630?
False
Is 14 a factor of 115164?
True
Is 296 a factor of 387345?
False
Is 6630594 a multiple of 16?
False
Is 10 a factor of 436600?
True
Is 44 a factor of 3077580?
True
Does 7 divide 1382165?
False
Is 189 a factor of 447496?
False
Does 2119 divide 12538123?
True
Is 7913610 a multiple of 45?
True
Is 68 a factor of 870680?
False
Is 59 a factor of 825325?
False
Does 36 divide 18180?
True
Does 40 divide 1069783?
False
Is 3754987 a multiple of 1922?
False
Is 34 a factor of 1958128?
True
Does 204 divide 504275?
False
Is 15 a factor of 1469443?
False
Is 4511 a multiple of 5?
False
Is 217434 a multiple of 24?
False
Does 22 divide 14102?
True
Does 47 divide 418065?
True
Is 282 a factor of 804264?
True
Does 4 divide 158174?
False
Does 13 divide 14960525?
False
Does 735 divide 1858080?
True
Is 89666 a multiple of 18?
False
Does 3 divide 13266?
True
Is 4272176 a multiple of 166?
True
Is 17 a factor of 427754?
True
Does 54 divide 11118?
False
Is 695 a factor of 5100392?
False
Is 2490302 a multiple of 86?
True
Is 248 a factor of 556016?
True
Is 131 a factor of 46924?
False
Does 15 divide 1140612?
False
Is 142 a factor of 10578574?
True
Does 1508 divide 6380955?
False
Is 34294 a multiple of 13?
True
Is 106826 a multiple of 97?
False
Is 212003 a multiple of 11?
True
Is 3238870 a multiple of 4?
False
Is 1689000 a multiple of 375?
True
Is 421477 a multiple of 133?
True
Is 16 a factor of 155328?
True
Does 512 divide 79872?
True
Does 124 divide 279928?
False
Is 324 a factor of 2642842?
False
Is 47892 a multiple of 156?
True
Is 56 a factor of 677804?
False
Does 212 divide 443663?
False
Is 14 a factor of 268520?
True
Does 1436 divide 10175496?
True
Is 2874160 a multiple of 185?
True
Is 103425 a multiple of 35?
True
Is 335529 a multiple of 9?
True
Is 769472 a multiple of 224?
False
Does 16 divide 4163392?
True
Is 247835 a multiple of 365?
True
Does 15 divide 2911385?
False
Does 48 divide 93456?
True
Is 505934 a multiple of 286?
True
Is 31 a factor of 65785?
False
Is 60 a factor of 5390054?
False
Does 6 divide 940722?
True
Is 24864 a multiple of 16?
True
Is 8 a factor of 6200?
True
Is 5 a factor of 259988?
False
Does 14 divide 29?
False
Does 313 divide 524901?
True
Does 2 divide 3285145?
False
Is 13511 a multiple of 3?
False
Is 189 a factor of 676145?
False
Does 153 divide 14461122?
False
Does 24 divide 112488?
True
Is 13 a factor of 466995?
False
Is 19 a factor of 1046083?
True
Does 148 divide 21027?
False
Is 88 a factor of 771584?
True
Is 235420 a multiple of 298?
True
Does 35 divide 181195?
True
Does 45 divide 1332631?
False
Does 459 divide 1943256?
False
Does 44 divide 126305?
False
Is 145 a factor of 16556460?
False
Is 263720 a multiple of 76?
True
Is 48 a factor of 69600?
True
Is 63552 a multiple of 31?
False
Is 59856 a multiple of 344?
True
Is 34 a factor of 139468?
True
Is 104 a factor of 15049320?
True
Does 4 divide 10188?
True
Does 31 divide 6738129?
True
Is 2 a factor of 8546?
True
Does 20 divide 425576?
False
Is 15 a factor of 3032568?
False
Is 7005680 a multiple of 40?
True
Is 138122 a multiple of 235?
False
Is 16735248 a multiple of 888?
True
Is 7 a factor of 1279641?
False
Does 8 divide 1150456?
True
Is 141 a factor of 466005?
True
Does 1282 divide 4216498?
True
Is 75 a factor of 1742025?
True
Is 1173655 a multiple of 3?
False
Is 18 a factor of 293490?
True
Is 100 a factor of 327447?
False
Does 144 divide 180864?
True
Is 194470 a multiple of 151?
False
Is 474 a factor of 2906568?
True
Is 10 a factor of 740297?
False
Is 181399 a multiple of 12?
False
Is 47 a factor of 37436?
False
Is 18394827 a multiple of 16?
False
Is 1246140 a multiple of 46?
True
Is 133977 a multiple of 37?
True
Does 16 divide 7205712?
True
Does 20 divide 1104140?
True
Does 16 divide 786368?
True
Does 19 divide 918451?
False
Does 364 divide 4460428?
False
Is 29 a factor of 289746?
False
Is 4845120 a multiple of 14?
True
Is 1332991 a multiple of 11?
True
Is 7 a factor of 126903?
True
Is 36778 a multiple of 206?
False
Is 176 a factor of 808896?
True
Does 3 divide 56463?
True
Is 1474071 a multiple of 35?
False
Is 16 a factor of 1063584?
True
Is 5 a factor of 83263?
False
Is 6 a factor of 121460?
False
Is 971907 a multiple of 13?
False
Does 16 divide 2158030?
False
Is 15793 a multiple of 20?
False
Is 57 a factor of 3249?
True
Is 3 a factor of 231905?
False
Is 121136 a multiple of 4?
True
Is 72 a factor of 336168?
True
Does 6 divide 17334?
True
Is 267 a factor of 321981?
False
Does 3 divide 222341?
False
Is 72 a factor of 700672?
False
Is 277 a factor of 670277?
False
Is 5747833 a multiple of 83?
True
Is 8 a factor of 90232?
True
Does 21 divide 643132?
False
Is 9953 a multiple of 37?
True
Is 78 a factor of 35522?
False
Does 66 divide 121044?
True
Is 6968 a multiple of 22?
False
Is 30 a factor of 306540?
True
Does 28 divide 2699366?
False
Is 5 a factor of 246635?
True
Is 700980 a multiple of 14?
True
Is 4812364 a multiple of 129?
False
Is 8 a factor of 16592?
True
Is 4200525 a multiple of 315?
True
Is 8583120 a multiple of 168?
True
Is 31 a factor of 916423?
False
Is 2534030 a multiple of 32?
False
Is 31 a factor of 468069?
True
Is 32250 a multiple of 25?
True
Is 12406520 a multiple of 413?
True
Is 447125 a multiple of 175?
True
Does 74 divide 89096?
True
Does 299 divide 1309366?
False
Does 285 divide 668325?
True
Is 55 a factor of 5866190?
True
Is 2955554 a multiple of 1098?
False
Is 344641 a multiple of 187?
True
Is 74 a factor of 105193?
False
Does 30 divide 2814870?
True
Is 29687 a multiple of 129?
False
Does 80 divide 199146?
False
Does 57 divide 7282890?
True
Is 92348 a multiple of 6?
False
Does 67 divide 329640?
True
Is 35 a